
9
Let c(o) = -8*o**3 + 7*o**2 - 4*o + 51. What is the ten thousands digit of c(-11)?
1
Let f(o) = -3*o**2 - 5*o - 41. Let g(u) = -4*u**2 - 4*u - 42. Let i(t) = 5*f(t) - 4*g(t). What is the units digit of i(-6)?
3
Suppose -96215 = -7*a - 25907. Suppose a = -8*z + 20*z. What is the hundreds digit of z?
8
Let z = 588 + -591. What is the tens digit of z/(-6)*-6 - 6900/(-6)?
4
Let v(p) = 3*p**2 + 46*p + 57. Suppose -126*g + 48 = -128*g. What is the units digit of v(g)?
1
Let l(v) = v**2 + 9*v - 8. Let u be l(-10). Let j(x) = x**2 - 5*x + 4. Let n be j(u). What is the units digit of (-3320)/(-60)*(-3)/n?
3
Suppose -5999 = -16*f + 5009. What is the tens digit of -5 + f + 5 + 2?
9
Let a(x) = 8*x**2 - 9*x + 13. Let t be a(4). Suppose -135 = -4*j + t. Suppose -5*g = -2*w + 6*w - 123, 2*w - j = -4*g. What is the units digit of w?
2
Let z(w) = w**2 - 2*w**2 - 6 - 2*w - 4*w. Let p be z(-2). What is the units digit of (-47)/1*(p + -1 + -3)?
4
Suppose -3*z - 2*z = -30. Suppose -z*i + 2388 = 60. What is the tens digit of i?
8
Let i = 2593 - 2541. What is the tens digit of i?
5
Let h(m) = -m**3 + 7*m**2 - 6*m + 156. Let w be h(9). Suppose 0 = 3*a - 5 - 7. What is the tens digit of w/(-80) + 625/a?
5
Suppose -w + 2*x + 1626 = 0, -4*w + 6514 = -2*x - x. Suppose 0 = -5*z - 4*g + 1612, -6*z + 5*g = -z - w. What is the hundreds digit of z?
3
Let j = -12516 + 67918. What is the hundreds digit of j?
4
Suppose 253 - 3685 = -c + 4*d, 3*c - 10241 = d. What is the hundreds digit of c?
4
Let a be -2*4/(-24)*3. Let d be ((-55)/2)/(a/(-6)). Suppose 0*s = 5*s - d. What is the tens digit of s?
3
Suppose -18*i = 345 - 75. What is the units digit of ((-96)/15 - -6) + (-1101)/i?
3
Let q be 47/9 - 4/18. Suppose 35 = q*l + s, -l = 5*s - 3*s - 16. What is the tens digit of (1 - (-652)/l) + 6/(-9)?
0
Let j(g) = -12*g**3 + 247*g**2 - 9*g + 52. What is the tens digit of j(-12)?
6
Suppose -35*p - 701 = -36*p. Let a = p + -407. What is the hundreds digit of a?
2
Let f(l) = 66*l**2 + 63*l - 31. What is the tens digit of f(7)?
4
Let i(b) = 5*b**3 - 4*b**2 + 3*b + 2. Let s = 27 - 25. Suppose 0 = 3*p + 4*m - 1, -3*p - 3*m = -1 - s. What is the units digit of i(p)?
0
Let l = -148 - -433. Suppose -2*r = s - 748, -2*s - r = -1208 - l. What is the tens digit of s?
4
What is the ten thousands digit of ((-10758)/99)/(605/1845 + 2/(-6))?
2
Suppose 2*o - 2*g = 38874, -7*g - 116615 = -o - 5*o. What is the tens digit of o?
4
Suppose -3*t + 1106 = 4*m, t + 4*m - 356 = 18. Suppose -439 - t = 7*w. Let l = w + 206. What is the units digit of l?
1
Let t = -51 + 52. Let o be (-2 + 1)*t + 42. Suppose f + 4*g = 3*g + o, -5*g = 3*f - 131. What is the units digit of f?
7
Suppose 2*x = 5*d + 204, 0*d = -5*x + 2*d + 447. Suppose -2*o - 3*n = -7*n + 126, -2*n = 4*o + 282. Let w = x + o. What is the tens digit of w?
1
Suppose 0 = 33*m - 36*m + 3*j + 1920, -2524 = -4*m - 2*j. What is the hundreds digit of m?
6
Suppose -4*d = -0*d - 12. Suppose 0 = -d*t - 5 + 11. Suppose 57 = h - 5*m, h - 177 = -4*h - t*m. What is the units digit of h?
7
Let h be (-99)/14 + (-40)/(-560). What is the units digit of (1 + -5)*(7 - h - 31)?
8
Suppose 17*c = 4*c - 19*c + 687648. What is the thousands digit of c?
1
Let b(h) = -373*h - 946. What is the tens digit of b(-26)?
5
Let y(k) = k**3 + 2*k + 5*k - 7 + 9*k**2 + 7*k. Let r be y(-6). Suppose 0 = 4*m - 3*b + r - 539, -268 = -2*m + 5*b. What is the units digit of m?
9
What is the units digit of (22/(-660)*-165)/(-2 + 170/84)?
1
Suppose 0 = 3*i + 24 - 231. Let m = 67 - i. What is the tens digit of ((6/(-7))/(4/364))/m?
3
Let n(w) = -w**3 - 9*w**2 - 17*w - 15. Let h(t) = t**3 + 11*t**2 + 18*t + 16. Let p(q) = 6*h(q) + 5*n(q). What is the tens digit of p(-18)?
7
Let d = -79 + 82. Suppose -p + 4*p - 801 = -d*t, -2*t = 4*p - 1062. What is the tens digit of p?
6
Let t be -1 - -5*12/(-30)*-2. What is the tens digit of (t/(-9))/((-33)/126819)?
8
Let d(o) = 28*o**2 - 8*o + 6. Let u be d(5). Suppose -83*w = -47*w. Suppose w*y + u = 6*y. What is the units digit of y?
1
Suppose -2*a + 2*y = -2566, -5*a + 1587 = 2*y - 4800. What is the hundreds digit of a/4 - ((-190)/(-40) + -5)?
3
Suppose 10*z = 12*z - 4*a - 16960, -25418 = -3*z - 5*a. What is the thousands digit of z?
8
Suppose -p + 18 = 8*p. Suppose 2*o = b - 69, -p*o + 3*b = -2*b + 57. Let l = o + 67. What is the units digit of l?
1
Let m(l) = -l**3 - 4*l**2 - 5*l. Let k be m(-2). Let v(a) = -6 + 35*a**2 - 34*a**k + 0*a - 4*a. What is the tens digit of v(13)?
1
Let d(l) = -9*l**2 + l - 5. Let r be d(3). Let b = r - -143. Suppose -2*o + 4*u + 46 = 0, 0 = 2*o + 2*u - b - 10. What is the tens digit of o?
3
Let m = 3641 - 3289. What is the units digit of m?
2
Suppose -275 = 19*m - 351. Suppose 0 = 3*t + m*q - 3404, -2236 = -2*t + 4*q - 0*q. What is the thousands digit of t?
1
Let m = 329 + -326. Suppose m*i - 1385 = q + 3*q, -2*i = 4*q - 910. What is the tens digit of i?
5
Let c be (8 - -5)/((-2)/(-2)). Suppose 3*a - 377 = 118. Let q = c + a. What is the units digit of q?
8
What is the units digit of (-164345)/(-15) + 8 + (-22)/3?
7
Let t = 88937 + -56918. What is the units digit of t?
9
Let f = 66194 - 24456. What is the tens digit of f?
3
Let p = 19332 + 6371. What is the ten thousands digit of p?
2
What is the tens digit of 79570*25/125 + 5*2?
2
Suppose -14*z = -27*z - 351. What is the hundreds digit of -27*3/(z/93)?
2
Suppose -4*w - 5 = -21, 0 = -3*g + w + 8. Suppose -5*l + f = -204 - 281, -g*l + 2*f + 394 = 0. What is the tens digit of l?
9
Suppose -394*o + 280*o + 4509840 = 0. What is the units digit of o?
0
Let b(t) = 53*t**3 + 14*t**2 + 8*t - 5. What is the units digit of b(3)?
6
Let i = 9508 + -1812. What is the units digit of i?
6
Suppose 57711 = -23*m + 28*m + o, 0 = -3*o + 3. What is the ten thousands digit of m?
1
Let q(f) be the third derivative of -7*f**4/12 + 3*f**3 + 34*f**2. Let y be q(-11). Let j = y - 71. What is the hundreds digit of j?
1
Suppose -3*y + 4*j - 4 = 0, 0*y = 5*y - 2*j - 12. Suppose 0 = 3*m - s - 345, 3*s + y + 5 = 0. Let b = m - 55. What is the tens digit of b?
5
Suppose 14*l - 15910 - 53502 = 0. What is the thousands digit of l?
4
Suppose -3 = -3*g - 9. Let m be g/(-2 + 5/3). Suppose -3*w = -6, -5*c - 2*w + 38 = -m. What is the units digit of c?
8
Let n = 3543 - -4181. What is the thousands digit of n?
7
Let g be 1*1853 + -11 + 19 + -7. Let b = g + -1248. What is the units digit of b?
6
Suppose -3*s + 2*s - 23 = -3*k, -s = -4*k + 33. Let i(x) be the third derivative of 5*x**4/6 - 31*x**3/6 + x**2. What is the units digit of i(k)?
9
Let h(a) = -1481*a - 1586. What is the units digit of h(-4)?
8
Let m(l) = 2*l**3 - 57*l**2 - 71*l - 124. What is the hundreds digit of m(31)?
4
Suppose 141*v - 105*v = 588600. What is the hundreds digit of v?
3
Let i(x) = x + 6. Let p be i(-2). Suppose 0 = 11*b - p*b - 203. Let m = b - 12. What is the tens digit of m?
1
Let w = 25278 + -20453. What is the hundreds digit of w?
8
Let r = -61 + 69. Suppose -5*c + 50 = -5*v, 12 = -5*c + r*c. What is the units digit of 119 - (-3 - (v + 3))?
9
Let t(c) be the first derivative of 46*c**3/3 - c**2 - 14*c - 44. What is the hundreds digit of t(3)?
3
Let o(y) = y + 1. Let m(d) = 21*d + 1. Let j(t) = 3*m(t) - 6*o(t). Let x(l) = 285*l - 14. Let k(w) = -11*j(w) + 2*x(w). What is the hundreds digit of k(-2)?
1
Suppose 2*g + 3 = -g. Let x = -19875 - -19877. What is the tens digit of (0 + 0 + g - x) + 66?
6
What is the units digit of ((-952)/(-196))/17 - (-20606)/7?
4
Let s be (24/10)/((-22)/(-55)). What is the hundreds digit of -8 - s*(-534)/12?
2
Suppose g = 5*r + 45770, -2*g - 7286 + 98875 = -3*r. What is the units digit of g?
5
Let f be 17 - (56/(-42))/((-6)/(-27)). Let d(k) = 20*k - 153. What is the hundreds digit of d(f)?
3
What is the hundreds digit of (8895 + -1)*107/214?
4
Let k(o) be the first derivative of -270*o**2 + 36*o - 190. What is the thousands digit of k(-2)?
1
Let h(l) = l**3 - 20*l**2 + 66*l - 1046. Let a be h(19). Let s = 1 + 2. What is the units digit of s/(a/(-238)*(-1)/(-42))?
6
Let i = -150 - -67. Let w = -43 - i. What is the units digit of w?
0
Let x(v) = -74*v**2 - 48*v + 230. Let h(g) = -49*g**2 - 32*g + 153. Let k(n) = -8*h(n) + 5*x(n). What is the tens digit of k(8)?
6
Suppose 6*f - 5*f = 3. Suppose -4*x + 9 = -f. Su